pose 7 = -b*v - 1. Determine l(v).
-2
Let t(r) = 7*r**3 + r**2 - r - 1. Let o(g) = g - 8. Let i be o(7). Let a be t(i). Let y(s) = s**2 + 5*s - 4. What is y(a)?
2
Let l be ((-2)/(-6) - 3/9)/(-3). Let m(g) = -g**2 - 13. Calculate m(l).
-13
Let x(z) = 8*z - 3. Let f = 14 - 9. Let j(y) = y + 0 - 8*y + 2 + 1. Let b(r) = f*x(r) + 6*j(r). Calculate b(5).
-7
Let i(g) = -g**3 - 1. Let v be i(-1). Let f be 0/3 + 2/1. Let q(r) = -5*r + 3 + r**2 + v - f + 0*r. Determine q(4).
-3
Suppose 5*i - 3*i - 8 = 0. Let d(v) = 5*v + 8 - 2 - v**2 - 16 + 7. Calculate d(i).
1
Let c(d) = d**3 - 3*d**2 - 1. Let x be c(2). Let i(v) = v - 1. What is i(x)?
-6
Suppose -4*n + 13 = 5. Suppose a - 1 = -n. Let r(l) = -19*l**2. Calculate r(a).
-19
Let t(q) = q. Let o(x) = x**3 - 5*x**2 + 4*x + 2. Let c(h) = o(h) + 2*t(h). Determine c(5).
32
Let g(v) = -3*v + 3. Let c(z) = 16*z - 16. Let m(y) = -2*c(y) - 11*g(y). Let i(r) = 6*r - 7. Let u(w) = i(w) - 5*m(w). Determine u(0).
-2
Suppose -3*i + 16 - 3 = -t, -16 = -2*i - 3*t. Let f(w) be the second derivative of -w**5/20 + w**4/2 - 7*w**3/6 + 2*w**2 - 3*w. Give f(i).
-6
Suppose -35*r = -32*r + 12. Let k(o) = -o**2 - 3*o + 3. Calculate k(r).
-1
Suppose -20 = 3*q - 17. Let l(h) = -h**3 + h**2 + 2*h + 1. Calculate l(q).
1
Let p(a) = -3*a - 1. Suppose 1 = s - 1. Let t = -24 + 24. Suppose t = -s*w + 3 - 7. What is p(w)?
5
Let q be (-2)/8 - (-27)/12. Let c = q - 6. Let i(p) = 3*p + 1. Let l(b) = 2*b + 1. Let f(w) = -4*i(w) + 7*l(w). What is f(c)?
-5
Let q(w) = -w**3 + 15*w**2 - 5. Let z be q(15). Let u(i) = -2*i**2 - 7*i - 4. Calculate u(z).
-19
Let a(l) be the second derivative of l**3/6 + l**2/2 - 3*l. Suppose -25 = 3*h + 5*p, 4*p = h - 3 - 0. Calculate a(h).
-4
Suppose 8 - 2 = 2*a. Let p(t) = -5*t**3 - 4*t + 6*t**2 + 3*t**a + 1 + t**3. Give p(5).
6
Suppose y = -0*y + 2. Let q(j) = -9*j**2 + 5*j**2 + 3 + j**3 + 0*j**y - j. Give q(3).
-9
Suppose -147*z - 3 = -148*z. Let b(m) be the second derivative of -3*m - 1/2*m**z + 0 - m**2. Give b(3).
-11
Let c = 5 + -7. Let o(r) be the third derivative of 0 - 1/2*r**3 - 1/8*r**4 + 0*r - 2*r**2. What is o(c)?
3
Let f(i) = i**2 + 4*i + 4*i**2 + 5*i - 3*i + 4. Let b(l) = l**3 + 4*l**2 + 5*l + 3. Let s(m) = -5*b(m) + 4*f(m). Determine s(1).
-5
Let q(d) = -d**2 + 11*d - 1. Suppose 0 = 2*h - 12. Determine q(h).
29
Let i = 38 - 39. Let w(m) = 8*m**2 + m. What is w(i)?
7
Let c(q) be the second derivative of -q**5/20 - q**4/2 - q**3 - 3*q**2 - 4*q. Give c(-4).
-14
Let x(o) = 7*o**2 + o**3 + 6 + 0*o + 2*o + 5*o. Suppose 15*i - 2*i + 78 = 0. Calculate x(i).
0
Let c(a) = 18 + 11 - 28 + 5*a. What is c(2)?
11
Let p(y) = y**3 + 3*y**2 - 2*y - 4. Let n be p(-3). Let x(f) be the second derivative of 0 - 1/6*f**3 + 6*f - 1/20*f**5 - 1/2*f**2 + 1/4*f**4. What is x(n)?
1
Let z(b) = -7*b**3 - b**2 + 1. Let h be (-12)/(-30) - (-38)/5. Let t(y) = -3 + y**2 + h + 8*y - 3*y. Let k be t(-4). What is z(k)?
-7
Suppose 0 = s + y - 3, 6*y - 2*y = 5*s + 30. Let a be (-1)/((2/(-1))/s). Let m(p) = 12*p + 0*p + 1 - 9*p. Calculate m(a).
-2
Let b(f) = -f**3 - 8*f**2 - f - 5. Let o(l) = -l - 2. Let x be o(-5). Let s(t) = -2*t - 2. Let k be s(x). Calculate b(k).
3
Let z(b) = -13*b**3 + 1. Suppose 2*j - 10 = -12. Determine z(j).
14
Let d(p) = 2*p - 4*p + 3 + 5*p - 2*p. What is d(-4)?
-1
Let k(h) be the second derivative of h**4/12 - h**3 + 3*h**2 - 3*h. Calculate k(6).
6
Let c(q) be the second derivative of -2*q**3/3 + q**2/2 - q. Suppose 4*k = -k. Let v = 1 - k. Give c(v).
-3
Let v(d) be the first derivative of d**3/6 - 11*d**2/2 - 8*d - 2. Let x(u) be the first derivative of v(u). What is x(0)?
-11
Let m(t) be the third derivative of -t**6/120 - t**5/60 + t**3/2 - 3*t**2. Let z(g) be the first derivative of m(g). Give z(-2).
-8
Let t(g) = -3*g + 1 + 1 + 3 + 3*g**2 + g**3. Suppose 2*k - k + 5*s - 4 = 0, 5*k = -4*s - 22. Let w be 22/(-6) - (-2)/k. Calculate t(w).
1
Let n(h) = 5*h**3 + 5*h**2 - 5*h - 7. Let o(q) = q**3 - q. Let p(r) = n(r) - 6*o(r). Calculate p(5).
-2
Suppose -3*b = -6*b + 4*v + 10, -b = -4*v + 2. Suppose -2*t - b = -x, 0 = 4*t - 3*x - 2*x. Let u(h) = h**2 + 5*h + 2. Give u(t).
2
Let w(r) = r + 0 + 12*r**2 - 39*r**2 - 1. Determine w(1).
-27
Let i be (-1)/3 + (-11)/3. Let g(a) be the second derivative of -a**3/3 - a**2/2 - a. Calculate g(i).
7
Let h(c) = -3*c**3 - c**2 - c + 1. Let w(f) = -f + 7. Let n be 21/3 - 0 - 1. Let l be w(n). Calculate h(l).
-4
Let a(y) = 11*y + 19. Let i(w) = -5*w - 9. Let u = 5 - 1. Let l(o) = u*a(o) + 9*i(o). What is l(-4)?
-1
Suppose 3*p - 1 - 5 = 0. Suppose 16 = -4*m, 0 = -3*z - 0*m + p*m + 17. Suppose 5*u - 3*f = -6, 0*u = -z*u - f + 2. Let j(d) = -d - 12. Calculate j(u).
-12
Let r(l) = 4*l + 11 - 28 + 12 + 2*l - l**2. What is r(7)?
-12
Let s(l) = l**2 + 5*l - 7. Let a be (6/7)/((-3)/21). Calculate s(a).
-1
Suppose 6*k = -7*k + 26. Let w(l) = l**3 - l**2 - 4*l + 3. What is w(k)?
-1
Let x = -57 - -24. Let r(k) = 57*k. Let h(p) = 7*p. Let g(c) = x*h(c) + 4*r(c). Calculate g(2).
-6
Let w(x) = 4 - 14*x - 7*x + 20*x. Determine w(6).
-2
Let y = 9 + -2. Let q = y - 4. Let o(l) = q*l + l**2 + 2*l - l. Give o(-3).
-3
Let q(i) be the third derivative of i**4/12 + 2*i**2. Let l(v) = v**3 - v**2 + 2. Let s be l(0). Suppose 3*y + 17 = -w + 5, 2*w + 12 = -s*y. Calculate q(w).
-6
Let u(z) = -3*z + 3. Suppose -24 = -4*a + 2*a. Suppose 5*p - a = p. Determine u(p).
-6
Let j(f) = -3*f**2 + 7*f - 4. Let m(i) = 7*i**2 - 14*i + 7. Suppose 0*p = 2*p - 10. Let b(c) = p*j(c) + 2*m(c). What is b(4)?
6
Suppose -5*b + 15 = 0, -4*u - 3*b + 7*b + 4 = 0. Suppose 0 = -5*z + 31 + u. Suppose z*k - 2*k - 10 = 0. Let a(i) = i**3 - 2*i**2 + i - 1. Calculate a(k).
1
Let m(a) = a**2 - a - 1. Let q(c) = 3*c - 14. Let f be q(8). Let b be ((-2)/(-5))/(2/f). Calculate m(b).
1
Let i(l) be the first derivative of -l**4/8 - 5*l**2/2 - 3. Let u(r) be the second derivative of i(r). Determine u(3).
-9
Let o(f) = 0*f - 2*f + 17 - 14. Let b = -43 - -45. Determine o(b).
-1
Let k(p) be the first derivative of 3*p + 5/2*p**2 - 4 + 1/3*p**3. What is k(-3)?
-3
Let j be (1 - -1) + (-14 - -13). Let d(m) = -m**2 + 0*m**2 + 3*m**2 - m - 5*m**3. What is d(j)?
-4
Let n(w) = -10*w**3 + 28*w**2 + 27*w - 31. Let h(s) = 3*s**3 - 9*s**2 - 9*s + 10. Let p(q) = 7*h(q) + 2*n(q). Determine p(8).
0
Let o(y) = -3 - 1214*y + 1213*y + 6. Determine o(7).
-4
Let b(y) = y**2 + 5*y + 2. Suppose 0 = -j - j + 3*i - 15, 5 = 3*j + i. Suppose j = -5*f + 3 + 7. Suppose -3 = -f*l - 7, 0 = -5*k + 4*l - 7. Give b(k).
-4
Let n(b) be the third derivative of b**4/8 + b**3/3 - 6*b**2. Give n(-3).
-7
Suppose -3*w - 2 + 0 = -2*x, x = w + 1. Suppose 4*u - 5 = -x. Let o(i) be the first derivative of -i**3 - i + 6. Determine o(u).
-4
Let l be 15*(2 - 36/15). Let y(t) = 4*t + 9. Let u(s) = 3*s + 9. Let p(c) = -3*u(c) + 2*y(c). Give p(l).
-3
Let h(r) = -14*r + 9*r + 6 + 6*r. Determine h(-5).
1
Let r(q) = q**2 + q - 7. Let z(v) = -3*v + 9. Let o be z(3). Determine r(o).
-7
Let t be 1/((-3)/5) - (-4)/6. Let l(m) = 5*m**3 + m + 1. Give l(t).
-5
Let a = -22 + 20. Let f(i) = -2*i**2 - 4*i - 2. What is f(a)?
-2
Let m be (-6)/4*48/(-9). Let i(o) = -o**3 - 6*o**2 - 8*o - 7. Let u be i(-3). Let j = m + u. Let v(f) = f. Calculate v(j).
-2
Let k(b) = b**3 + b - 3. Let g be k(0). Let h(a) = 2*a + 2. Calculate h(g).
-4
Let c = -6 + 4. Let h(i) be the first derivative of -47*i - 2*i**3 - i**2 - 3 + 49*i + i**3. Determine h(c).
-6
Let o(d) be the first derivative of 6 - 4*d - 1/3*d**3 + 7/2*d**2. What is o(6)?
2
Let r(v) = -v**3 + 2*v**2 - 1. Let f be -2 - (-4)/(0 - -1). Calculate r(f).
-1
Let x(l) = 2*l - 3. Let c(f) = -f + 2. Let v(b) = 7*c(b) + 4*x(b). What is v(-4)?
-2
Let p(h) = 2*h + 34. Let s be p(-14). Let u(n) = -n**3 + 5*n**2 + 7*n. Determine u(s).
6
Let r(p) = 6*p**2 - 3*p**3 + 2*p**3 + 5 - 3*p + 5*p - 3*p. Let u be 39/6 + 1/(-2). What is r(u)?
-1
Let b(c) = c + 8. Let m be b(-6). Let x(y) be the first derivative of -1/2*y**m + 2*y - 3. Give x(5).
-3
Suppose 0 = -2*m + t + 4*t + 11, -4*m - 4*t = 48. Let f(o) = -2*o - 11. Let q be f(m). Let h(y) = 2*y**2 - 3*y - 3. Give h(q).
6
Let j = 64 + -71. Let c(l) = -l**2 - 10*l - 1. Give c(j).
20
Let j(g) = -6 + 4 - 5 - g. Let v(s) = s - 1. Let l(a) = 5*a - 11. Let b(u) = l(u) - 6*v(u). Let x be b(0). What is j(x)?
-2
Let x(k) = k**3 - 3*k + 1. Su